.
-3
Calculate (0 - (-4 + 5)) + -5 + 10.
4
4 + (-9 - -5) + 6
6
What is 3 - 2 - ((1 - 3) + 6)?
-3
Evaluate -9 - (3 - -1 - 8).
-5
Calculate 2 + -1 - ((-9 - -6) + 3).
1
What is 2 + (-1 - 4 - 3)?
-6
What is the value of (0 - (-5 - (6 + -4))) + -2?
5
Evaluate 0 + 0 - 4 - -2.
-2
What is 3 - (0 + 0 - -2)?
1
What is 10 + (7 - (12 + 1))?
4
-5 - 0 - (2 - 0)
-7
Evaluate 2 + (3 - (-4 + 7)).
2
Evaluate 11 + 5 + -6 + -10.
0
What is the value of (1 + -6 - (37 - 44)) + -2?
0
What is the value of 2 - 3 - (-4 - (-12 + 4))?
-5
(1 - 6) + (41 - 41)
-5
(-1 - 7) + (1 - 10 - -14)
-3
What is 0 + (-7 - -11) + -9 - -2?
-3
Evaluate 0 - (-6 - (-4 + 1 + -2)).
1
What is 16 - 25 - (1 - 15)?
5
What is the value of -3 + 0 - 1 - (-33 - -34)?
-5
-10 + 9 + (1 - (2 - -3))
-5
Evaluate -1 - -2 - (2 + (-4 - 0)).
3
-2 + 1 - ((-10 - -6) + 7)
-4
Calculate (4 - 12) + 3 + 3.
-2
What is 2 + (-2 + (4 - 2) - 0)?
2
Evaluate 0 - -6 - -1 - (0 + 12).
-5
Evaluate -1 - (0 - (-2 - 1)).
-4
What is (-14 - -4) + -33 + 39?
-4
What is the value of 3 - ((37 - 36) + -5 + 1)?
6
What is 5 + (10 + -8 + 3 - 8)?
2
Calculate 12 - (4 + -3 - -9).
2
Calculate 0 + (-1 - 2) + 1.
-2
Evaluate 0 - (5 + -8 - -4).
-1
Calculate (-2 + -1 - (3 + -4)) + -3.
-5
Calculate 7 + -6 - (0 - 0).
1
What is the value of -10 + -11 + 33 + -12?
0
Calculate 1 + (-5 - -3) + 3.
2
Evaluate 3 + (11 - 3) + -14.
-3
Calculate 5 - ((-4 - -9 - 7) + 4).
3
Calculate 2 - (-5 + (0 - (-1 - 1))).
5
Calculate 4 - 4 - (3 + (-1 - 1)).
-1
Calculate -1 - (-2 + -2) - (6 + 0).
-3
(6 + 4 - (8 - 3)) + -12
-7
Calculate (20 - 10) + -14 + 5.
1
Evaluate -7 - (-3 + -1) - (0 - 2).
-1
Evaluate -8 - -1 - -9 - 7.
-5
What is the value of (-4 - -9) + (-2 - 8) - -4?
-1
What is the value of (-8 - 0) + 8 - 3?
-3
(3 - (-1 + -2)) + -4
2
What is the value of 3 + (-2 - 1 - 1)?
-1
Calculate 0 - ((-2 + 6 - 4) + 4).
-4
What is 0 + (4 - 8 - -5)?
1
What is the value of (-3 - -1 - (-8 + -2)) + -3?
5
What is 11 - (-5 - (0 - 0) - -9)?
7
Calculate (3 - (5 + (0 - 2))) + -5.
-5
Evaluate 1 + (1 - 2) - (1 + 1).
-2
-2 + 3 + 3 + (-19 - -16)
1
Evaluate 14 - (18 - (6 + 4)).
6
-4 + -1 + 14 - (-17 + 19)
7
-87 + 85 - (1 + (0 - 5))
2
What is the value of (5 - 1) + (-3 - -4 - 1)?
4
Calculate (3 - 7) + (0 - -6) + 3.
5
What is (83 - 70) + 2 + -10?
5
Calculate -2 - (6 - 10) - (0 + 0).
2
Calculate 3 + -7 + 11 + -11.
-4
-2 - -2 - (4 - 3) - -2
1
3 + (-1 - 1 - 1) + 5
5
Evaluate (-36 + 28 - (1 + -8)) + 6.
5
What is (-4 - (2 + -3) - -2) + 3?
2
Evaluate 12 + (-6 - -1) + (1 - 4).
4
What is the value of -6 - -5 - (3 - (3 + -3))?
-4
Calculate 1 + 7 - 2 - (-38 - -41).
3
What is the value of 4 + -7 + (-8 - -7)?
-4
Evaluate -1 + 4 + (2 - 9).
-4
What is the value of (4 - 11) + (-2 - -13)?
4
Evaluate 1 + (-3 - (-8 + 14)).
-8
Calculate -2 + (-10 - (-7 - 0)).
-5
Calculate (-3 - -3) + 2 + -13 + 8.
-3
(1 - (1 + 0)) + 1 + 0
1
3 + 4 + 0 + -8
-1
Calculate (-1 + -3 - (2 - 3)) + 1.
-2
Evaluate (-15 - (3 + -9)) + 6.
-3
What is -1 - -1 - (-5 - (-2 + 2))?
5
What is the value of (-12 - -15 - -11) + -13?
1
Evaluate 10 - (1 + (4 - -1)) - -4.
8
Calculate 2 - (5 + (0 - 2) + 4).
-5
What is -9 - 2 - (-7 + 4)?
-8
What is the value of (-44 - -39) + 3 + -2?
-4
Calculate (3 - 9) + -2 + 3.
-5
(1 - 7) + 6 - -1
1
(4 - -1) + (-6 - (-5 - -1))
3
What is -14 - -22 - (0 + -1) - 3?
6
What is 5 - (5 + (1 - 7 - -4))?
2
Calculate -3 - (-3 + 0 + 2).
-2
What is the value of -7 + 11 + (-14 - -6)?
-4
Evaluate (2 - -3) + 12 + -12.
5
What is 3 - (-1 + -3 - -4)?
3
Calculate -13 + (-2 - 5) + 13.
-7
What is -1 - (4 + -1 + 0)?
-4
What is 3 + (-2 - (9 - 1)) - -3?
-4
6 - (-7 + (-1 - -12))
2
What is 18 + -12 - (1 + 3)?
2
-5 - -8 - -3 - 5
1
What is 6 - 5 - (0 - (-3 - -4))?
2
What is the value of -25 - (-11 + 8) - -13?
-9
(1 - 4) + 2 - (0 + -1)
0
-1 - ((1 - 0) + 5 + -11)
4
Evaluate -4 + (0 - (-5 + 4)).
-3
Evaluate 3 - 2 - (-6 + 10 + 3).
-6
What is the value of (12 - 17) + (0 - 1)?
-6
Evaluate 4 + (-2 - -11) - 20.
-7
What is -1 + 0 + 4 + (-5 - -3)?
1
-4 + -2 + 4 + -1 - -4
1
Calculate 3 - 0 - (1 + -6 + 14).
-6
Calculate (6 + 0 - 6) + -2 + -2.
-4
Evaluate 9 - 2 - 3 - -2.
6
Evaluate -3 - (-1 + (2 - -3 - 3)).
-4
What is the value of (22 - 19) + -1 + 6 - 0?
8
Calculate -4 - ((-6 - -2 - 6) + 5).
1
Calculate (1 - (7 - (-2 + 15))) + -4.
3
What is the value of -8 + (-1 - -4) + 1?
-4
What is 3 - (-2 - 1 - -5)?
1
Evaluate (8 - (4 - (-5 + 6))) + 0.
5
(3 + -8 - -2) + -3 - -4
-2
What is the value of (1 - (1 - -6)) + 8?
2
What is the value of -12 - (16 - 23 - (1 - 2))?
-6
2 + 0 - (6 - (8 + -1))
3
Calculate -3 - 0 - (10 - 11) - -4.
2
What is the value of -5 + (-14 - (-4 - 5))?
-10
Calculate 1 + (6 - 6) - (9 - 1).
-7
Evaluate (2 - 1 - 2) + -1 - -2.
0
What is the value of 14 - ((3 - -3) + -1)?
9
Calculate 7 + (5 - 15) + 1.
-2
What is -7 + (-4 + 2 - (-3 - 1))?
-5
Evaluate (-7 - -3) + 1 + 7 - 8.
-4
What is the value of (-3 + 5 - 6) + 10 + -5?
1
(0 - -4) + -7 - (2 + -8)
3
Calculate (3 + 3 + -4 - -2) + -2.
2
1 + (4 - (5 + 0 + 0))
0
What is the value of 0 + (2 - 0) - 1?
1
What is -2 - (0 - (-1 + 3) - -3)?
-3
What is 17 - 14 - (1 - -1)?
1
What is -12 - (11 + -9) - -10?
-4
199 + -201 + (1 - -3)
2
-3 + -2 + 8 + -3
0
Evaluate 3 + -11 + 8 - -2.
2
What is the value of -4 - (6 + -15) - 4?
1
Calculate 90 + -93 + 0 + -2 + 2.
-3
What is the value of -2 - 0 - -1 - (-4 - -4)?
-1
Calculate (5 + 4 + -4 - 0) + -10.
-5
What is -4 - (0 - -3 - 11)?
4
-7 + -3 + (-5 - -13)
-2
-5 - (-4 - (7 + -8))
-2
What is 5 + (-4 + 8 - (11 - 3))?
1
Calculate -8 + (8 - (0 + -1 - -8)).
-7
Calculate 7 - (10 + 4 + -5).
-2
Evaluate 0 + 4 + -4 + 1 + -6.
-5
What is the value of -4 + -1 + 9 - (0 + 1)?
3
What is the value of (0 - -1) + 1 + (-6 - -10)?
6
(-5 - (0 + -7)) + 4
6
7 - (-6 + 11) - 4
-2
Evaluate (-1 - (-1 + 0)) + 6 + -3.
3
Evaluate 7 - 2 - (-7 - -10 - 6).
8
What is the value of -3 - 0 - (-4 + 0) - 4?
-3
Evaluate -6 - -2 - -9 - 8.
-3
What is the value of 0 + 0 - ((-4 - 0) + -1)?
5
What is (15 - (-17 - -29)) + (1 - -1)?
5
What is the value of 1 + (4 + -3 - (2 - -3))?
-3
Calculate -4 + (5 - (-1 + 2)).
0
Calculate -4 + -3 + -3 + 7.
-3
Calculate 8 + (4 - 9) + 1.
4
What is 5 - (-2 + 5 + 0)?
2
What is -7 + 4 - (4 - 8)?
1
What is the value of -2 + 1 + 2 - (1 + 0)?
0
What is the value of -4 + 5 - -5 - (0 + 0)?
6
-1 + -1 + (-1 - -1)
-2
What is 4 + (0 - 4 - 4)?
-4
Calculate -1 + (-4 - 0 - -8) + 2.
5
Evaluate 5 - (2 + 2) - (-5 - -13).
-7
Calculate 5 + -5 + 2 + (1 - 2).
1
Calculate 0 + (-4 - (0 + -3)) + -4.
-5
What is the value of (5 - -1) + (5 - (-3 - -10))?
4
What is 1 + 0 + (-107 - -104)?
-2
What is the value of 1 - (-4 - 3 - -3 - -1)?
4
13 - 11 - (4 + -2)
0
Calculate (1 - -3) + (-10 - -1 - -1).
-4
What is 0 - (5 - (2 - (-2 + 3)))?
-4
What is (0 - 5) + (-7 + 1 - -6)?
-5
What is -2 + 2 + (1 - (4 - 4))?
1
Evaluate 3 - ((5 - -2 - 6) + 2).
0
-2 + (-4 + 10 - 6)
-2
7 - (-6 - -7 - (-14 - -7))
-1
Calculate 6 + -9 + 0 + 5.
2
What is the value of 3 - (8 + (-1 - 3))?
-1
What is 6 - (-3 + -1 + 7)?
3
Calculate -1 + (1 - -3) + (2 - 0).
5
What is -2 + 7 + -4 + 1?
2
Evaluate -7 + (-2 + 1 - (1 - 3)).
-6
What is 5 + (-22 - -8) + 4?
-5
Calculate -4 + 1 + (13 - 14) - 0.
-4
What is -2 - (-3 + (8 - 5))?
-2
What is the value of -1 + (4 - 11) + -1?
-9
What is (2 - 11) + 2 + 2?
-5
What is -4 + (3 - (-3 - -3 - 0))?
-1
Calculate 4 - (4 + -4 + 5).
-1
What is the value of (2 - 1) + -6 + 6 + 4?
5
Evaluate 0 + 5 - (13 - (6 - 2)).
-4
What is (-3 - (-1 - 1)) + 1 + 5?
5
Evaluate -1 + ((-6 - -4) + 4 - 8).
-7
Evaluate -1 + -2 + (3 - (4 - -1)).
-5
Evaluate 1 - (-3 + 6) - (3 - 4).
-1
What is 0 - (2 - (-4 + 5))?
-1
What is 42 + -45 - (-3 - (-1 - 1))?
-2
Evaluate -3 + (3 - (-1 + 4)) - 1.
-4
Calculate -8 + 0 - -2 - (57 - 62).
-1
Calculate (1 - 0) + (3 - (-6 + 6)).
4
What is the value of -5 + (3 - (-6 - 0 - -10))?
-6
What is the value of (-2 - (0 - 0)) + (-11 - -9)?
-4
What is 2 - (12 + -9 + -3 + -2)?
4
What is the value of -12 + (27 - 7) + -7?
1
Calculate -2 + (-1 - -6) + (3 - 5).
1
Evaluate 0 - 9 - (0 + -5).
-4
Evaluate 0 - (-5 - 1 - (-2 + -2)).
2
-2 + -3 + -2 + 3 + 2
-2
Evaluate (-1 - 3) + 6 - 5.
-3
-18 + 14 - (1 - 6)
1
Evaluate -35 - -38 - (7 + -1).
-3
What is -2 + -3 + 5 + 3?
3
Evaluate 4 - (5 + (0 + 2 - 10)).
7
Calculate (13 - (3 + 0)) + -6 + 1.
5
0 + 4 - (1 - 1)
4
Calculate 1 - (0 + (2 - -1) + -1).
-1
Calculate 0 + 3 - (5 + -7 - -9).
-4
Evaluate -4 - (0 + (2 - 2) -